{"id":13,"date":"2014-05-23T16:17:26","date_gmt":"2014-05-23T16:17:26","guid":{"rendered":"http:\/\/jardins2serignan.fr\/?page_id=13"},"modified":"2022-07-26T14:47:24","modified_gmt":"2022-07-26T14:47:24","slug":"contact","status":"publish","type":"page","link":"https:\/\/jardins2serignan.fr\/?page_id=13","title":{"rendered":"Contact"},"content":{"rendered":"<p>Pour nous contacter :<\/p>\n<blockquote><p><em>PAR COURRIER :<\/em><\/p><\/blockquote>\n<p><strong>AFUA ( Association Fonci\u00e8re Urbaine Autoris\u00e9e ) \u00ab\u00a0Les jardins de S\u00e9rignan\u00a0\u00bb<\/strong><\/p>\n<p>Pr\u00e9sident : \u00a0Mr\u00a0FABRE Marcel<\/p>\n<p>555 All\u00e9e de l&rsquo;Outarde<\/p>\n<p>34410 SERIGNAN<\/p>\n<blockquote><p><em>PAR T\u00c9L\u00c9PHONE<\/em><\/p><\/blockquote>\n<p>Secr\u00e9tariat : 04-67-62-55-62<\/p>\n<blockquote><p><em>PAR MAIL\u00a0<\/em><\/p><\/blockquote>\n<p>jardins2serignan@orange.fr<\/p>\n","protected":false},"excerpt":{"rendered":"<p>Pour nous contacter : PAR COURRIER : AFUA ( Association Fonci\u00e8re Urbaine Autoris\u00e9e ) \u00ab\u00a0Les jardins de S\u00e9rignan\u00a0\u00bb Pr\u00e9sident : \u00a0Mr\u00a0FABRE Marcel 555 All\u00e9e de l&rsquo;Outarde 34410 SERIGNAN PAR T\u00c9L\u00c9PHONE Secr\u00e9tariat : 04-67-62-55-62 PAR MAIL\u00a0 jardins2serignan@orange.fr<\/p>\n","protected":false},"author":1,"featured_media":324,"parent":0,"menu_order":0,"comment_status":"closed","ping_status":"open","template":"","meta":{"footnotes":""},"class_list":["post-13","page","type-page","status-publish","has-post-thumbnail","hentry"],"_links":{"self":[{"href":"https:\/\/jardins2serignan.fr\/index.php?rest_route=\/wp\/v2\/pages\/13"}],"collection":[{"href":"https:\/\/jardins2serignan.fr\/index.php?rest_route=\/wp\/v2\/pages"}],"about":[{"href":"https:\/\/jardins2serignan.fr\/index.php?rest_route=\/wp\/v2\/types\/page"}],"author":[{"embeddable":true,"href":"https:\/\/jardins2serignan.fr\/index.php?rest_route=\/wp\/v2\/users\/1"}],"replies":[{"embeddable":true,"href":"https:\/\/jardins2serignan.fr\/index.php?rest_route=%2Fwp%2Fv2%2Fcomments&post=13"}],"version-history":[{"count":7,"href":"https:\/\/jardins2serignan.fr\/index.php?rest_route=\/wp\/v2\/pages\/13\/revisions"}],"predecessor-version":[{"id":1455,"href":"https:\/\/jardins2serignan.fr\/index.php?rest_route=\/wp\/v2\/pages\/13\/revisions\/1455"}],"wp:featuredmedia":[{"embeddable":true,"href":"https:\/\/jardins2serignan.fr\/index.php?rest_route=\/wp\/v2\/media\/324"}],"wp:attachment":[{"href":"https:\/\/jardins2serignan.fr\/index.php?rest_route=%2Fwp%2Fv2%2Fmedia&parent=13"}],"curies":[{"name":"wp","href":"https:\/\/api.w.org\/{rel}","templated":true}]}}

<p>Pour nous contacter :</p>
<blockquote><p><em>PAR COURRIER :</em></p></blockquote>
<p><strong>AFUA ( Association Foncière Urbaine Autorisée ) « Les jardins de Sérignan »</strong></p>
<p>Président :  Mr FABRE Marcel</p>
<p>555 Allée de l&rsquo;Outarde</p>
<p>34410 SERIGNAN</p>
<blockquote><p><em>PAR TÉLÉPHONE</em></p></blockquote>
<p>Secrétariat : 04-67-62-55-62</p>
<blockquote><p><em>PAR MAIL </em></p></blockquote>
<p>jardins2serignan@orange.fr</p>

<p>Pour nous contacter : PAR COURRIER : AFUA ( Association Foncière Urbaine Autorisée ) « Les jardins de Sérignan » Président :  Mr FABRE Marcel 555 Allée de l&rsquo;Outarde 34410 SERIGNAN PAR TÉLÉPHONE Secrétariat : 04-67-62-55-62 PAR MAIL  jardins2serignan@orange.fr</p>
